= -16 + 15. Let k be o(r). Suppose k = -5*c - 33 + 278. What is the tens digit of c?
4
Suppose -524 = -4*t + 200. Suppose 5*v + 4*l = 442, 3*l = -5*v + 3*v + t. What is the units digit of v?
6
Let i be 4/(-6)*2*(-32445)/42. Suppose 6*x = 11*x - i. What is the hundreds digit of x?
2
Suppose 1 + 1 = -t. Let l = 134 + -138. What is the units digit of (-65)/l + t/8?
6
Let g = 71 - 77. What is the hundreds digit of g/24 + (-809)/(-4)?
2
Let n be (-36)/(-10) - (-33)/(-55). Suppose m - 86 = n*b, 3*b = 4*m - 0*m - 380. What is the tens digit of m?
9
Let f(n) = 48*n**2 + n - 1. Suppose m + 2 - 3 = 0. Let l be f(m). Let y = l + -20. What is the units digit of y?
8
Let s(a) = -a**2 + 4*a + 2. Let u be s(-4). Let t be 1 + 0/(1 - 4/(-4)). Let k = t - u. What is the units digit of k?
1
Let k = 10 - 6. Suppose -4*o - 8 = 4*b, 5*b + k*o - o + 2 = 0. Suppose b*i = -i + 21. What is the units digit of i?
7
Let n(i) = -i**3 + 3*i**2 + 6*i - 5. Let f be n(4). What is the units digit of 5 + -1*(-261 - f)?
9
Let m(p) be the first derivative of p**4/4 + 7*p**3/3 + p**2 - 7*p - 10. Let c be m(-7). What is the tens digit of c/(3/(-3) - 0)?
2
Let l(o) be the third derivative of 0 - 1/3*o**4 + 0*o - 6*o**2 + 1/3*o**3. What is the units digit of l(-4)?
4
Suppose 590 = -2*l + 3724. What is the thousands digit of l?
1
Suppose 32 + 1540 = w. What is the hundreds digit of w?
5
Let d = -22 - -22. Suppose g = -4*p - 17, 0 = -d*g + 2*g - p + 16. Let t(m) = -6*m - 7. What is the tens digit of t(g)?
4
Let c(m) = m**3 - 3*m**2 + 2*m. Let w be c(2). Suppose w = -3*a - 2*a - 225. Let y = 80 + a. What is the tens digit of y?
3
Let t = 156 - 93. What is the hundreds digit of 2*((t - 1) + -12 + 8)?
1
Suppose -4*i + 4*r = -8, -3*i = -i - 4*r - 10. What is the hundreds digit of 21 - -155 - (3 - i)?
1
Let m be 2/(-6) + (-70)/6. Let y = m - -16. Suppose -y*t + 20 = -2*t. What is the tens digit of t?
1
Let y(r) = r**2 - 6*r - 69. What is the tens digit of y(29)?
9
Let q(h) = h**2 - 26*h + 121. Let g be q(21). Let d(c) = c**2 - 3*c. Let s be d(-4). Let i = g + s. What is the units digit of i?
4
Let k(h) = -h**3 - 11*h**2 - 2*h - 3. Let u be k(-11). Let o = u + -46. What is the units digit of (-615)/(-27) + (-6)/o?
3
Let u(c) = c**3 - 9*c**2 + 14*c - 2. Let z be u(7). What is the tens digit of (6 + z)/(4/70)?
7
Let q(j) = -4*j**3 - 22*j**2 + 10*j + 1. What is the units digit of q(-8)?
1
Suppose -4*k + 1 + 6 = -r, 0 = r - k - 2. Let q = -5 + r. Suppose q = 4*l - 216 + 12. What is the units digit of l?
1
Let c(s) = 73*s - 60. What is the units digit of c(4)?
2
Let f(u) = -u**3 + 33*u**2 - 37*u - 242. What is the tens digit of f(21)?
7
Let a = 4386 - 1996. What is the tens digit of a?
9
What is the tens digit of (-51)/(-4 + 38/10)?
5
Suppose -4*u = 5*m - u + 79, -4*m = -4*u + 76. Let b = m - -45. What is the tens digit of b?
2
Suppose -2595 = -13*f + 3671. What is the tens digit of f?
8
Let u(z) = 0 + 47*z**2 - 38*z**2 - 4 + 5*z. What is the units digit of u(-4)?
0
Let t = 616 + -295. Suppose a = r + t, -3*a - 7*r + 8*r = -973. What is the units digit of a?
6
Suppose -103*j = -110*j + 238. What is the units digit of j?
4
Let x = -1221 + 3352. What is the tens digit of x?
3
Let j be 10/(-4)*(-1 - 1). What is the units digit of 0 - -1 - (j - 33)?
9
What is the tens digit of 6/4 + 26899/74?
6
Let j = 5331 + -3064. What is the thousands digit of j?
2
Suppose -i + 6 = -6. Suppose -4*c - i = 0, -5*c + 1013 = 3*p + 50. What is the tens digit of p?
2
Suppose -2 = -2*j, 392 + 883 = 4*l - 5*j. What is the hundreds digit of l?
3
Suppose -6 - 9 = -5*t. Suppose -2*p - t*p - 2*b = -339, p = b + 65. What is the tens digit of p?
6
Let g(q) = q**3 + 16*q**2 - 2*q + 4. What is the units digit of g(-16)?
6
Let t be 11 + 5/(-10)*2. Suppose -13*f + 6 = -t*f. Suppose 0 = 5*v - f*v - 135. What is the units digit of v?
5
What is the hundreds digit of (111 - -14) + 3/((-3)/2)?
1
Let f = -54 + 56. Suppose f*w + 140 = 6*w + 4*m, -145 = -4*w - 5*m. What is the units digit of w?
0
Suppose 55*f - 101*f = -113896. What is the thousands digit of f?
2
Let q(i) = i**2 - i + 6. Let n(g) = -2*g**2 + 3*g - 12. Let b(u) = -4*n(u) - 7*q(u). Let v be b(5). What is the units digit of 410/14 + v/(-21)?
9
Suppose -3*i + 3870 = 4*m, -21*i + 4*m - 2584 = -23*i. What is the hundreds digit of i?
2
Let x be (-4)/(-22) + 20/11. Let z be 1254/x - (-6 + 9). What is the tens digit of z/21 + (-4)/(-14)?
3
Suppose -10*z = -14*z - 3*c + 4936, 5*c = -4*z + 4928. What is the units digit of z?
7
What is the hundreds digit of ((-1098)/24)/((-18)/384)?
9
Let s(o) = -7*o - 20. Let u be s(-4). Suppose -u*d + 30 = 2*d. What is the units digit of d?
3
Let y = 25 - 27. What is the hundreds digit of (-2 - 129)/1*(y + 1)?
1
Let n = -36 - -40. Let x = n + -4. Let y = x - -9. What is the units digit of y?
9
Let v = 3243 + -1963. What is the units digit of v?
0
Let m(k) = k**2 - 3*k - 18. Let q be m(8). Let t = q - 16. What is the units digit of t?
6
Suppose -4448 = -36*x + 20*x. What is the tens digit of x?
7
Suppose 0 = 4*h - 2*m - 22568, 2*m - 21 + 29 = 0. What is the units digit of h?
0
Let t(r) = 248*r - 46. What is the thousands digit of t(9)?
2
Let g = -92 - -165. What is the units digit of g?
3
Let w = -2 - -4. Let f be 0 + 16 + -3 + w. Suppose -4*i = -5*r + 4*r - 177, 3*r + f = 0. What is the tens digit of i?
4
Suppose 3*i - 5*i = k - 290, i + 905 = 3*k. Suppose -4*m - m = -2*n + 153, 4*m - k = -5*n. What is the tens digit of n?
6
Let m = 105 - 99. What is the units digit of (10/m)/(10/240)?
0
Let t(y) = y**3 - 25*y**2 + 13*y - 53. What is the hundreds digit of t(25)?
2
Let c(a) = a**2 - 19*a - 50. What is the tens digit of c(38)?
7
Suppose 0 = -16*v - 532 + 5556. What is the tens digit of v?
1
Suppose 5*y = -3*n + 1277, 3*y + 4*n = -0*y + 764. Suppose -d + y = 203. What is the units digit of d?
3
Suppose -13729 = -17*v + 18231. What is the units digit of v?
0
Suppose -3*o - 15 = 3. Let j(d) = -11*d - 16. What is the tens digit of j(o)?
5
Let t(i) = i**3 - 13*i**2 - 19*i + 15. Let p be t(14). Let s = -24 - p. What is the tens digit of s?
3
What is the tens digit of (-2)/(11/((-15268)/8))?
4
Suppose -3*u = -n - 3294, -n + 15 = 4*n. What is the hundreds digit of u?
0
Suppose -3*s = 2*j - 32, 0 = -2*s + s + 2*j. Suppose 0 = -5*l - 5*m + 150, 4*m + 12 = -s. Let n = 56 - l. What is the tens digit of n?
2
Let w be (10 - 64)*(-4)/6. Suppose 0 = 6*c - 3*c - w. Let u = c + -10. What is the units digit of u?
2
What is the units digit of 40/(-25) + (-37928)/(-55)?
8
Let s = -23 + 35. Suppose -17*p + s*p = -850. What is the units digit of p?
0
Let p(r) = -2*r - 8. Let x be p(-10). Let f(c) = -c**3 + 13*c**2 - 7*c - 10. What is the tens digit of f(x)?
5
Let s = 32 + -27. Suppose -5*q + 215 = -5*l, -4*q + 6*q - 101 = s*l. What is the tens digit of q?
3
Let d(y) = -y**3 - 5*y**2 + y - 6. Let t = 11 - 6. Suppose c = -1 - t. What is the units digit of d(c)?
4
Let q = 418 - -857. What is the hundreds digit of q?
2
Suppose 2*k + n = -68, 0 = 7*n - 2*n. Let y = -17 - k. Suppose y - 2 = 5*p. What is the units digit of p?
3
Suppose -v = 4*i - 226, -3*v + v - 276 = -5*i. What is the tens digit of i?
5
Let u = -16 - -48. Suppose -2 = 3*b - 4*g - u, 0 = 2*g. What is the tens digit of (184/b)/(28/70)?
4
Let p(q) = -q + 10. Suppose -66 + 18 = 4*x. What is the tens digit of p(x)?
2
Suppose -72 = 5*h - 232. Let o = 34 + -55. Let d = h + o. What is the tens digit of d?
1
Let r(u) = -u**2 + 5*u + 32. Let k be r(13). Let f = -16 - k. What is the units digit of f?
6
Let g(w) = -w**2 + 9*w - 11. Let b be g(8). Let j be (-1)/((-174)/57 - b). Let r = j + -6. What is the units digit of r?
3
Let n(p) = 2*p**2 - 20*p - 62. What is the hundreds digit of n(27)?
8
Let k be -4 - (12/(-9))/(6/9). Let p(b) = -29*b - 4. What is the units digit of p(k)?
4
Let l = -15 + 6. Let c = l + -29. Let t = -24 - c. What is the units digit of t?
4
Let k = 764 - 439. Suppose 0 = 7*c - 151 - k. What is the units digit of c?
8
Let z = 57 - 52. Suppose 3*o - 5*s = -3*s + 112, -2*s - 192 = -z*o. What is the units digit of o?
0
Suppose 3*i - 8102 = 4*t, -5*i = 83*t - 78*t - 13480. What is the thousands digit of i?
2
Let p = -19 + 7. Let h = -10 - p. Suppose -49 = -h*w + 1. What is the tens digit of w?
2
Let d(o) =